+ -6 + 24 + -5 + -2?
0
-3 + (0 - (4 + -2) - -1)
-4
(6 - -5) + 1 + -8
4
-2 - (-6 + 3 - 1) - 1
1
What is (2 - -2) + -1 + (-7 - 2)?
-6
Evaluate 6 - (1 + 2) - -1.
4
What is the value of -10 + 2 + 6 + 0 + -2?
-4
What is the value of -6 + 7 + -5 + -4 + 9?
1
What is the value of 2 + 0 + -1 + (0 - 4)?
-3
1 + -1 + 1 - -3
4
Calculate 5 + (-1 + 0 - -2) + -1.
5
Calculate 0 - (-4 + (3 + -1 - 1)).
3
Evaluate -1 + 1 + (-3 - -4 - -1).
2
What is the value of (1 - 9) + (-4 - -15)?
3
What is the value of 1 + (1 - 11) + 4 + 3?
-2
What is 2 + -6 + (-2 - -3)?
-3
Calculate (6 - (-4 - -1)) + (0 - 6).
3
What is the value of 2 + -5 + 9 + 0?
6
What is 3 - ((-5 - (-4 - 0)) + 0)?
4
Calculate -2 + 2 + -4 + 1 - 0.
-3
What is (7 - (3 - -4) - -3) + 3?
6
What is 6 - (2 + 0 + 9)?
-5
What is the value of 2 + 1 + (3 - 0 - 6)?
0
What is -3 - (6 - (7 + 10))?
8
Evaluate 6 - 6 - 3 - -5.
2
Calculate -3 + 5 + -3 + 2 + 0.
1
What is 2 + 5 - (25 + -21)?
3
Evaluate -4 - -2 - -12 - 9.
1
Calculate 4 + -4 + -1 + -3.
-4
Evaluate 34 + -34 + -7 + -1.
-8
What is 6 + -7 + 7 - 7?
-1
Calculate -21 + 6 - (-35 + 24).
-4
-2 + -2 - -9 - 3
2
(2 - -4) + (-23 - -15)
-2
Calculate 4 - (6 - 1) - 0.
-1
What is the value of 9 + -7 + (3 - 4) + -3?
-2
What is the value of 1 - (4 + 4 + 0)?
-7
What is -1 + -8 + 11 + 4?
6
-1 + 3 - (31 - 26)
-3
Calculate 8 - (4 - (4 - (0 - -3))).
5
What is 1 + (0 - 2) + 2 + -1?
0
What is (-5 - (3 - (-5 + 21))) + -6?
2
24 + -19 + -5 + 1
1
Calculate -1 + 4 - (-2 + 2 - 3).
6
Evaluate 0 - -8 - (35 + 14 + -38).
-3
Calculate -7 - 1 - (-6 + 0).
-2
Evaluate -16 + 16 + (-2 - 1).
-3
What is 6 + (-2 - 3 - -1) - 2?
0
What is 10 + (-4 - 8) + -1?
-3
What is the value of (-3 - (1 + 5 + -6)) + 7?
4
What is the value of 2 - (-1 + 8 + -1)?
-4
What is 9 - (7 + 3 + -6)?
5
What is -7 - (-2 - 0 - 2)?
-3
Calculate (-3 - (6 - 3 - 3)) + 4.
1
-1 - ((-3 - 5) + 6)
1
Calculate -6 + 10 - (18 - 7).
-7
What is the value of (8 - 12) + 2 + 4?
2
Calculate (-1 + 0 - -1) + 0 - 5.
-5
What is 10 - (22 + -15 + 11)?
-8
Calculate 5 - 1 - (8 + (-4 - 3)).
3
What is (-3 - -1) + (-1 - -1 - 3)?
-5
What is the value of 1 - (2 - (2 - 5))?
-4
What is -16 + 4 - (-24 + 15)?
-3
What is the value of (7 - 2) + (3 - (-8 + 11))?
5
What is the value of (3 - 13) + 2 + 9?
1
What is the value of 1 - (-4 + 5 + -2)?
2
-8 - (-3 - (-4 + 9 + -6))
-6
What is the value of -7 - (0 - (-8 - -2)) - -4?
-9
Calculate 42 - 46 - (1 + 0).
-5
What is the value of -33 - -28 - (-2 - (9 - -1))?
7
Calculate 1 - -4 - 4 - (0 - 2).
3
Evaluate -9 + -2 + 11 + -2.
-2
Evaluate (0 - 0) + (-7 - -14 - 8).
-1
Calculate -4 + (1 + 6 - 1) + 2.
4
Evaluate 4 + 3 + -4 + 2.
5
Calculate 1 - (2 - -2 - 0).
-3
Calculate -1 + (-3 - -2) + 0.
-2
What is -5 + (3 + -1 - -7) - 2?
2
Evaluate 1 + (2 - -2 - 3).
2
Evaluate -2 + (-1 - (-1 - -1)) + 0.
-3
2 + -6 - (-1 - (-6 - -5))
-4
What is the value of -4 + 0 + (4 - -6)?
6
Calculate 2 + (3 - 2) + (10 - 13).
0
0 - (-2 - (-2 - -2 - 1))
1
Calculate -5 + 2 + 3 + 1.
1
Calculate -5 - (-1 + -3 + -4).
3
What is 5 + (-10 - -5) + 2?
2
What is 2 - -7 - (-4 + 5 - -3)?
5
6 + -3 + (-1 - 1)
1
-82 + 85 - (0 + 1)
2
(-4 - -7) + -5 + 4
2
What is -12 + 12 + -1 - (0 + -3)?
2
What is the value of 0 - (5 - -4 - 14)?
5
What is -3 - (-6 + 5 - (-2 - -3))?
-1
1 + (1 + 0 - 2)
0
0 - (-8 + 7 + 5)
-4
What is -12 + (-1 - -4) - -3 - -3?
-3
0 - -7 - (-10 - (-13 + 0))
4
What is 2 + 1 + -4 + 4 - 0?
3
(5 - 9) + 5 + -3 + -1
-3
What is the value of -7 + 13 + -6 + 4 + 3?
7
What is the value of 0 + -1 - (-34 + 35)?
-2
Calculate -10 + 9 + -1 - (-1 - -1).
-2
Evaluate 0 + 2 + 2 + -1.
3
8 + -6 - (-1 + -1)
4
Evaluate (1 - -2) + -1 + -3 + 3.
2
What is -3 - ((-2 - -5 - 8) + -3)?
5
What is the value of -19 - ((-12 - -19) + -17)?
-9
What is 1 - 0 - (3 - (7 + -2))?
3
What is the value of -12 + 9 - (-1 + 0)?
-2
6 + (-9 - (-4 - 4))
5
What is 1 + -6 + (3 + -1 - -9)?
6
Calculate -7 - (0 + (-16 - -6)).
3
What is -12 - (3 + -14 + 5)?
-6
9 - 4 - (-3 - -11) - -6
3
-1 - 1 - (3 + 0)
-5
0 - (-1 - -3 - -1)
-3
Calculate (1 - 0 - (7 - 5)) + 3.
2
Evaluate 3 - (2 - (3 + -1)).
3
Calculate (16 - 2) + -9 - 8.
-3
Evaluate 1 - (5 - (2 + -2)).
-4
What is the value of -3 - -3 - (-10 - -4) - 5?
1
What is 4 - 2 - -3 - 4?
1
What is -8 + (-2 + -6 + 2 - -9)?
-5
Evaluate (1 - 2) + -3 - (-29 + 28).
-3
Calculate -8 + -1 + (-25 - -14 - -10).
-10
(6 - 5) + -8 + 13 - 12
-6
Calculate (3 - 2) + (1 - -3).
5
Evaluate 5 - (6 - (2 - 5)).
-4
-18 - -17 - (-4 + -5)
8
What is 14 + 7 + -7 + -8?
6
What is the value of -7 + (-6 - -1) - -8?
-4
-3 - (-24 + 29 + (-1 - 7))
0
Calculate ((7 - 5) + 3 - -3) + -5.
3
(0 - -1) + (-12 - -14 - 1)
2
What is the value of -2 - -1 - (-4 + -8 + 17)?
-6
What is the value of -6 - (-10 - (4 - 10))?
-2
Calculate -1 - -2 - (0 - -2).
-1
Evaluate 6 - (9 - 2) - -1.
0
7 + -6 - 6 - 0
-5
What is 4 + -10 - (-2 + 1 + -2)?
-3
What is the value of -1 + -6 - (-19 + 7 - -9)?
-4
Calculate 4 + 5 + -4 + -8 - 5.
-8
Evaluate -3 - -2 - -1 - 1.
-1
What is the value of (4 - 10) + 16 + -8 + 4?
6
What is the value of (-1 - (-2 + -2)) + (13 - 12)?
4
Evaluate 10 - (-9 - 3 - -22).
0
-4 + (-7 - -3) + 4
-4
Evaluate 3 + -6 + 5 + -2.
0
Evaluate -1 + 12 - (7 - 17 - -16).
5
(4 - (-1 - 4)) + -17
-8
Calculate 4 + -5 + -1 - -3.
1
What is the value of (3 - 0) + (5 - 14) + 12?
6
Evaluate 4 + 1 + -3 - (-1 - -2).
1
Evaluate (0 + -1 - -1) + -16 + 16.
0
Calculate (-16 - (-3 - 8)) + 2 + -1.
-4
What is -5 - ((-5 - 0) + -1) - -4?
5
Evaluate -1 + (10 - (-3 - -7)).
5
Evaluate 3 - (1 + 2 + 1).
-1
What is -16 + 2 + (10 - 1)?
-5
What is the value of -16 + 17 - (-2 + 0)?
3
1 - (1 + -1) - (0 + -3)
4
What is -3 - 1 - (3 - (0 + 0))?
-7
What is the value of 2 - (5 + 0) - (-4 - -1)?
0
Calculate -24 + 26 - (-6 + 1).
7
Evaluate -6 + (9 - (4 + 2)).
-3
Evaluate 7 + 1 + (-33 - -29).
4
What is 16 + -18 + (0 - 2)?
-4
What is (-1 + -2 - -2) + 17 + -11?
5
What is the value of (3 - (1 + -1)) + (-7 - 0)?
-4
0 - 4 - (-23 + 11 - -8)
0
What is the value of -4 + 4 + (-5 - -9 - 6)?
-2
What is -1 + 9 - (1 - -1)?
6
What is 20 + (-20 - -6) - (0 - 0)?
6
What is -18 + 17 + 1 + 4?
4
What is the value of -4 + 7 + (-2 - -7)?
8
What is (11 - 8) + 3 + -4?
2
92 + -92 - (7 + 0)
-7
Evaluate 8 + (0 - (8 - 4)).
4
Evaluate -1 + 0 + -1 - -4.
2
What is (-1 - -8) + 10 + -16?
1
-2 - (-4 + 3 + (0 - -4))
-5
What is the value of 1 - ((-2 - (4 - 7)) + -1)?
1
What is 0 + -1 + 1 + 2 + -2?
0
What is the value of -1 + (1 - 3 - 4) + 4?
-3
What is the value of -9 - -4 - -9 - 0?
4
What is 3 + -7 + 1 + 3?
0
Evaluate -1 - (3 - (3 - 3)).
-4
Calculate -19 + 21 - (-2 - (-2 + 2)).
4
Calculate (10 - 2) + 14 + -23.
-1
-3 - (-2 - 6) - 1
4
Calculate 1 + (0 - 7) + 2 + 0.
-4
Evaluate (6 + -1 - 12) + 2.
-5
What is the value of 1 - -6 - (48 - 36)?
-5
Evaluate -2 - -3 - (3 + -1).
-1
-2 - (2 - (6 + -5 + 3))
0
(1 - -1) + 1 + -7 - -3
-1
-11 + (-7 - -8) + -2 + 9
-3
Calculate -5 - 0 - (-11 + 10 - -1).
-5
Evaluate -50 + 62 + (4 - 8).
8
Evaluate -1 + (-1 - -13) + 5 + -10.
6
4 - (1 - -3 - -2)
-2
Calculate -1 + -10 + (16 - 9 - 2).
-6
Evaluate 2 + 0 + -3 + -2 - 0.
-3
Evaluate (6 - 3) + -2 + 1 - 0.
2
Calculate -7 + 0 + 8 + 2.
3
Evaluate (-6 - -3) + (-1 - -2) + 2.
0
-4 + (4 - 3) + 3
0
Calculate -4 + (-1 - -11) - (13 - -1).
-8
-7 - (0 - (5 - 1))
-3
-11 - (-2 + -2) - (-10 - -5)
-2
Calculate -4 - ((-3 - 0) + -8 - -3).
4
Evaluate (2 - 9) + 0 - -1.
-6
What is -4 - -3 - 0 - (-3 - -2)?
0
Calculate 2 - (-1 + (3 - 4)).
4
Evaluate -1 - -7 - ((2 - -4) + -1).
1
-4 + (-1 + 4 - 2) + -2
-5
Calculate -2 + 4 + 2 + -3 + -3.
-2
8 + (-22 - (-11 - -2))
-5
What is (-8 - (-15 + -3)) + -4?
6
-6 - ((1 - 6) + (-52 - -52))
-1
Calculate 5 - (-1 - -3 - (2 - 2)).
3
What is the value of 3 + 2 + (-6 - -6) + -2?
3
What is 6 + (1 - 4) - (-9 - -13)?
-1
0 + -1 + 1 + -4 + 9
5
What is the value of 6 + -3 + -4 - (-6 - -5)?
0
Evaluate -4 - ((0 - (-3 - 0)) + -4).
-3
-2 + 3 + 4 + 4 + -4
5
What is -4 - -9 - (-11 + 15)?
1
What is the value of -22 - -20 - (-3 + 2 + 2)?
-3
(0 - (5 - 2)) + (5 - 0)
2
What is the value of (-1 + -8 - (0 - -1)) + 5?
-5
2 - (3 + (0 - 1))
0
What is 4 + (-5 - (-6 - -7))?
-2
Calculate 4 - 0 - (-8 + (16 - 6)).
2
4 + (3 + -8 - 0)
-1
What is the value of 1 + 6 - 10 - (1 - 5)?
1
What is the value of -21 + 7 + -5 + 2 + 8?
-9
Calculate (-2 + 13 - 2) + -4.
5
6 + -2 + 0 - (15 + -14)
3
Calculate 5 + -1 - (-26 - (8 - 27)).
11
What is the value of (4 - 1) + -109 + 99